340*y**2 - 10779*y - 2834. Determine i(32).
398
Let q(t) = 3095*t - 529244. Calculate q(171).
1
Let l(v) = -v**3 + 124*v**2 - 3528*v + 414. What is l(44)?
62
Let a(f) = -2*f**3 + 129*f**2 + 228*f - 1982. What is a(66)?
-2
Let x(z) = 6*z**2 - 279*z - 4512. Give x(-16).
1488
Let q(z) = 3*z**3 - 145*z**2 + 748*z - 2585. What is q(43)?
-5
Let m(t) = -19*t**2 + 35*t + 221. Give m(-3).
-55
Let c(z) = 39627*z - 1268219. Give c(32).
-155
Let r(t) = t**2 - 6950*t - 118431. Give r(-17).
8
Let a(k) = -13*k**2 - 1126*k + 4572. What is a(4)?
-140
Let v(f) = -23870*f - 214384. What is v(-9)?
446
Let k(m) = 30819*m - 248759. Determine k(8).
-2207
Let p(c) = -2141*c**2 + 208*c - 358. Determine p(2).
-8506
Let c(w) = 2890*w - 104007. Determine c(36).
33
Let q(m) = -18337*m + 3263988. Give q(178).
2
Let z(l) = -10182*l - 122099. Determine z(-12).
85
Let z(y) = -49*y**2 - 41*y + 42. What is z(2)?
-236
Let c(l) = -l**2 - 145*l - 2583. Calculate c(-21).
21
Let y(s) = -922*s - 3481. Determine y(-4).
207
Let c(u) = 2*u**3 + 55*u**2 + 348*u + 149. Calculate c(-18).
41
Let m(r) = 207101*r - 1656804. Determine m(8).
4
Let f(j) = 686*j**3 - 8*j**2 + 74*j + 81. Calculate f(-1).
-687
Let z(s) = -4*s**2 - 214*s + 9. What is z(-55)?
-321
Let t(w) = 4*w**3 + 202*w**2 - 266*w + 2376. Determine t(-52).
-16
Let g(l) = 8*l**3 - 35*l**2 - 1704*l + 6874. Determine g(4).
10
Let j(k) = -3*k**2 + 1141*k - 107246. What is j(166)?
-508
Let b(v) = -v**3 + 11*v**2 - 203*v + 695. Calculate b(4).
-5
Let i(q) = 2*q**2 - 386*q - 407071. What is i(558)?
269
Let u(a) = 19108*a + 1815268. What is u(-95)?
8
Let z(l) = -l**2 + 9032*l + 144609. Determine z(-16).
-159
Let o(x) = 5*x**2 - 22178*x - 111014. What is o(-5)?
1
Let t(n) = -n**3 + 65*n**2 + 2265*n + 9167. Give t(91).
-24
Let o(q) = 33724*q + 6677356. What is o(-198)?
4
Let m(o) = 194861*o - 34490397. Calculate m(177).
0
Let t(w) = 1541*w - 69334. Give t(45).
11
Let i(n) = -15*n**3 - 36*n**2 + 169*n + 47. What is i(5)?
-1883
Let c(f) = -7*f**2 - 138*f - 784. Give c(-6).
-208
Let o(q) = q**3 + 7*q**2 - 55*q - 237. What is o(7)?
64
Let o(n) = 168*n + 651. Give o(-3).
147
Let q(z) = 7552*z - 1705. What is q(0)?
-1705
Let m(r) = -5004*r - 15245. Determine m(-3).
-233
Let q(l) = 11506*l + 92187. What is q(-8)?
139
Let c(m) = -7*m**2 + 3045*m + 2965. Calculate c(436).
-87
Let u(z) = -18*z**3 - 447*z**2 + 76*z + 5. Give u(-25).
-20
Let b(k) = -k**3 + k**2 - 67*k - 405. Calculate b(-6).
249
Let v(r) = -r**3 + 20*r**2 + 1289*r - 5217. Determine v(4).
195
Let b(w) = w**3 + 47*w**2 - 114*w + 1180. Determine b(-50).
-620
Let j(w) = w**2 - 3320*w - 53310. Give j(-16).
66
Let y(q) = 2*q**3 + 107*q**2 + 1038*q + 29243. What is y(-49)?
-10
Let s(f) = -71*f**2 + 405*f + 5. Determine s(0).
5
Let r(l) = 3470*l + 45165. Calculate r(-13).
55
Let q(i) = 1876*i - 126151. Give q(66).
-2335
Let r(g) = g**3 + 12*g**2 + 116*g + 1472. Calculate r(-12).
80
Let m(y) = -62*y**3 - y**2 + 82*y + 259. Determine m(-3).
1678
Let y(w) = -w**3 + 61*w**2 - 874*w + 16. What is y(38)?
16
Let g(d) = -130*d + 25733. Determine g(196).
253
Let x(g) = 14203*g - 4388725. What is x(309)?
2
Let y(s) = 1653*s + 14359. Determine y(-9).
-518
Let p(u) = 7405*u - 29125. Calculate p(4).
495
Let s(d) = 8*d**2 + 1287*d - 104. Give s(-161).
57
Let g(f) = -35*f**2 - 56*f + 157. Calculate g(3).
-326
Let o(n) = 219*n - 6096. Determine o(22).
-1278
Let p(q) = 8*q**2 + 1729*q - 89177. Calculate p(43).
-38
Let z(c) = -312*c**2 - 42085*c + 4721. Give z(-135).
-4
Let x(c) = 4*c**2 - 96*c + 526. What is x(13)?
-46
Let c(f) = 4*f**3 + 203*f - 805. Calculate c(5).
710
Let g(c) = 23*c - 3181. Determine g(105).
-766
Let f(q) = 14*q**2 + 771*q + 9616. Determine f(-34).
-414
Let m(a) = 49*a**3 - 85*a**2 - 227*a - 12. Calculate m(-2).
-290
Let w(q) = -2*q**3 - 480*q**2 - 5479*q + 19. Give w(-12).
103
Let b(z) = -192*z**2 - 6308*z - 18. Calculate b(-33).
-942
Let o(n) = -n**3 + 260*n**2 + 811*n - 4250. Determine o(263).
1536
Let n(l) = -l**2 - 129*l - 6081. Calculate n(-56).
-1993
Let h(d) = -2292*d + 114698. Calculate h(50).
98
Let i(r) = -14*r**3 - 218*r**2 + 100*r - 34. Determine i(-16).
-98
Let t(v) = v**3 + 53*v**2 - 780*v - 325. Determine t(-65).
-325
Let l(j) = 2*j**3 + 9*j**2 + 82*j + 581. What is l(-6)?
-19
Let d(j) = 452*j - 83614. What is d(185)?
6
Let o(b) = 86*b**2 - 3964*b - 406. Calculate o(47).
3260
Let y(l) = l**3 - 99*l**2 + 1861*l - 196085. Give y(100).
15
Let s(c) = 8820*c + 12643. Give s(-1).
3823
Let n(x) = -4*x**2 - 5570*x - 117227. What is n(-21)?
-2021
Let z(a) = -2*a**2 - 245*a - 1173. Calculate z(-126).
-2055
Let a(d) = -d**3 + 49*d**2 - 124*d - 261. What is a(46)?
383
Let m(o) = -232*o + 336. Calculate m(5).
-824
Let s(g) = g**3 - 10*g**2 - 1012*g - 9148. What is s(-18)?
-4
Let n(d) = 5*d**3 + 479*d**2 - 102*d - 344. Give n(-96).
232
Let g(s) = -39*s**3 + 1829*s**2 + 141*s - 66. Determine g(47).
-2275
Let z(x) = 2*x**2 - 472*x + 27616. Give z(122).
-200
Let r(a) = -23045*a + 783551. Calculate r(34).
21
Let b(x) = -x**3 - 1118*x**2 + 21611*x - 64. Give b(19).
88
Let n(r) = 64*r + 6533. Give n(-106).
-251
Let w(z) = 6*z**3 + 35*z**2 - 191*z - 27. Calculate w(6).
1383
Let u(x) = 4*x**2 + 447*x + 10010. Determine u(-31).
-3
Let l(w) = w**2 + 171*w + 3027. What is l(-147)?
-501
Let n(q) = -4112*q**2 - 4148*q - 27. Give n(-1).
9
Let k(q) = -18*q**3 - 889*q**2 - 3987*q + 70. Give k(-5).
30
Let g(n) = -2287*n - 500858. Calculate g(-219).
-5
Let g(c) = 4*c**2 - 262*c - 1754. Determine g(73).
436
Let v(j) = 2*j**2 + 398065*j + 398065. Determine v(-1).
2
Let b(n) = -4*n**3 - 75*n**2 + 4727*n - 30. Determine b(-45).
-120
Let y(h) = 2*h**2 + 497*h - 269570. Determine y(-512).
254
Let t(y) = 84*y + 11212. Give t(-128).
460
Let k(i) = -i**3 + 59*i**2 + 160*i - 296. Calculate k(62).
-1908
Let i(d) = -820*d**2 + 16389*d + 213. Calculate i(20).
-7
Let c(j) = 260*j + 39240. Calculate c(-151).
-20
Let c(p) = -2*p**3 + 1056*p**2 + 2086*p + 18040. Calculate c(530).
20
Let h(r) = 16*r**2 + 78*r + 59. Give h(-4).
3
Let i(m) = 2*m**3 - 264*m**2 - 6084*m - 103. What is i(-20)?
-23
Let w(r) = -29*r + 2992. Calculate w(66).
1078
Let c(q) = -3701*q - 7422. Give c(-2).
-20
Let r(j) = -j**3 + 65*j**2 + 313*j + 344. What is r(-3)?
17
Let p(w) = -9*w**2 + 4625*w - 369667. Determine p(99).
-1
Let p(s) = 2*s**3 + 115*s**2 + 271*s - 82. Give p(-55).
138
Let f(t) = 7*t**3 + 18*t**2 + 78*t + 465. What is f(-7)?
-1600
Let t(x) = 5393*x - 3909913. What is t(725)?
12
Let j(u) = -u**2 + 4061*u - 32411. What is j(8)?
13
Let l(b) = 4*b**2 + 62894*b - 314570. Determine l(5).
0
Let r(c) = -2*c**3 + 110*c**2 + 138*c + 5114. Give r(57).
-16
Let m(v) = 219143*v + 11833726. Determine m(-54).
4
Let x(n) = -6*n**3 - 499*n**2 - 1529*n - 793. Give x(-80).
-73
Let b(j) = 7713*j**2 - 185119*j + 139. What is b(24)?
-29
Let h(u) = -2*u**3 - 39*u**2 + 94*u + 1285. Give h(-20).
-195
Let s(p) = -p**3 + 397*p**2 - 7923*p + 10147. Give s(376).
-5
Let i(t) = -147478*t + 11503282. What is i(78)?
-2
Let o(p) = 4*p**2 - 60*p + 25. Give o(12).
-119
Let c(q) = -q**3 + 5*q**2 - q - 16. Calculate c(4).
-4
Let s(d) = -1226*d + 174032. Calculate s(142).
-60
Let i(l) = 1777*l - 152350. Give i(86).
472
Let n(v) = -v**2 + 1837*v - 89040. Give n(50).
310
Let t(q) = 1505*q - 406344. Give t(270).
6
Let h(c) = c**3 - 755*c**2 + 2839*c + 683256. Calculate h(750).
6
Let o(m) = 931*m - 1846. Determine o(2).
16
Let g(z) = 131296*z + 1312972. Give g(-10).
12
Let l(i) = -12291*i + 1892833. What is l(154)?
19
Let m(l) = 417*l - 35282. Determine m(82).
-1088
Let l(d) = -3538*d - 785046. Determine l(-222).
390
Let f(p) = 5057*p - 900807. Calculate f(178).
-661
Let w(h) = h**2 - 4*h - 16323. Give w(146).
4409
Let u(c) = -5*c**2 - 4*c + 100. What is u(7)?
-173
Let n(q) = -q**3 + 79*q**2 - 1304*q - 35. What is n(24)?
349
Let n(b) = 95415*b + 190940. Give n(-2).
110
Let k(i) = 4*i**3 + 19*i**2 - 241*i - 1364. Calculate k(-6).
-98
Let p(n) = n**3 - 572*n**2 - 150523*n + 999. Give p(-196).
19
Let s(t) = -207735*t + 2285050. Calculate s(11).
-35
Let h(r) = -884*r - 457010. Calculate h(-517).
18
Let t(u) = 11*u**2 + 766*u + 2127. Give t(-67).
184
Let z(i) = -i**3 + 60*i**2 - 762*i + 340. Give z(18).
232
Let b(g) = -g**3 - 10*g**2 - 496*g - 4489. Give b(-9).
-106
Let z(p) = -p